v = -2*f + 42. Let z be 1/(2 - (-5)/(-3)). Let n(x) = 18 - 5*x + z*x + x. What is n(v)?
6
Let l(v) be the second derivative of 65*v**3/6 + 381*v**2/2 + 780*v. Determine l(-6).
-9
Suppose 705 + 251 = -4*b. Let l = 232 + b. Let p(x) = 3*x + 14. What is p(l)?
-7
Let l = 1032 - 1037. Let f(r) be the first derivative of 2*r**2 - 4/3*r**3 - 2 - 1/4*r**4 - 2*r. Give f(l).
3
Suppose -3*u = 3*d - 15, -3*d - 5*u + 3*u = -13. Let y be 3 + 1 + (1 - d). Let v be (24/(-30))/(y/10). Let i(p) = p**2 + 4*p - 2. Calculate i(v).
-2
Let d = 641 - 645. Let b(v) = -7*v - 14. Let n(p) = -3*p - 6. Let i(z) = d*b(z) + 9*n(z). Calculate i(-2).
0
Let j(f) = -3*f**3 - 113*f**2 - 76*f - 79. Let s be j(-37). Let g(u) = 2*u**2 + 9*u + 14. Give g(s).
19
Suppose 4*f = -3*f + 378. Let h = -50 + f. Let l(q) = 4*q - 10*q + 3*q + h + 2*q. Determine l(0).
4
Let z(k) = 13*k - 68. Let t be z(5). Suppose -5 = -4*l - 1. Let a(w) = l + 4*w - 2*w + 4*w. Give a(t).
-17
Let t(r) = -r**2 + 15*r - 10. Let h(d) = d - 1. Let c(a) = 2*a**3 + 4*a**2 + 2*a + 3. Let k be c(-2). Let p(s) = k*t(s) + 6*h(s). What is p(11)?
26
Let t be (-64)/(-6 - 274/(-46)). Let g(n) = -2*n**2 + n**2 - 1467*n + t*n - 6. Let c(l) = -l**2 + 4*l + 1. Let d be c(3). Give g(d).
-2
Let b(w) be the first derivative of 8*w**3/3 + 3*w**2/2 - 2*w + 1072. Calculate b(2).
36
Let x = 71 + 43. Suppose 3*o = v + 7*o - 67, -2*v - 4*o = -x. Let s = -41 + v. Let p(c) = -c**2 + 6*c - 5. Calculate p(s).
-5
Let s(m) = m**3 - 8*m**2 + 4*m - 12. Let b(z) = 5*z**2 - 62*z + 224. Let h be b(4). Suppose 26*w - 33*w = -h. Give s(w).
20
Let w(g) = -22*g**2 - g + 10. Let s(u) = -7*u**2 + 3. Let z(c) = 7*s(c) - 2*w(c). Suppose 8460 + 1496 = 38*o. Let h = o + -263. Determine z(h).
-6
Let v(y) be the third derivative of 37*y**4/24 + 164*y**3/3 - 2*y**2 + 491*y - 2. Determine v(-9).
-5
Suppose 5*n - 2*n - 4*f = -2, 2*n + 3 = 3*f. Let w(l) = 9 - n*l - l**2 - 9*l**2 - 12*l**2 + 23*l**2. Determine w(6).
9
Let p(d) = 2 + 6 - 3*d + 4*d - 1. Let n be (-18)/(-12)*4/((-4)/2). Calculate p(n).
4
Let a = -294 + 287. Let t be (-14)/(-4)*(-2 - 26/a). Let z(n) = n - 2. Determine z(t).
4
Let u(k) be the first derivative of k**5/20 - 13*k**4/12 - 7*k**3/3 - k**2 - 95*k + 32. Let l(a) be the first derivative of u(a). What is l(14)?
-2
Let f(x) be the third derivative of x**7/140 + x**6/720 - 7*x**5/6 + 48*x**2 - 1. Let z(v) be the third derivative of f(v). Determine z(-1).
-35
Let i(d) be the second derivative of d**5/20 - 7*d**4/12 + d**3 - d**2/2 - 77*d - 20. Determine i(3).
-19
Let n(i) = -5*i**2 + 7*i - 3. Let b(o) = 14*o**2 - 20*o + 8. Let p be ((-77)/28)/((35/(-20))/7). Let a(u) = p*n(u) + 4*b(u). What is a(6)?
17
Let s(c) be the third derivative of c**4/24 + 6*c**3 + 13*c**2 + 127. Determine s(-18).
18
Let r be 2/(-7*4/(-42)). Suppose 3*n = -r + 12. Let w(t) = n*t + 0 - 2*t + 2 + 7*t + t**2. Determine w(-5).
-13
Suppose -48 = 37*a + 26. Let i(u) = 21*u + 1. Give i(a).
-41
Suppose -14*z = -6*z. Let l(s) = z*s**3 - s**3 + 5 + 6747*s - 6752*s + 3*s**2 - 2. What is l(3)?
-12
Let t(i) = -3*i**3 - 16*i**2 - 4*i + 9. Let x be t(-5). Let f(g) = -13 + 1 + 9*g - g**2 + x. Give f(6).
10
Let q(n) = 9*n - 2*n - 2 + n**2 + 0*n**2 - 6*n. Let m = 445 - 448. What is q(m)?
4
Let a(w) = 18*w**3 + 7*w**2 + 8*w + 4. Let s(n) = 17*n**3 + 6*n**2 + 8*n + 2. Let d(x) = 5*a(x) - 6*s(x). Calculate d(1).
-13
Suppose 0*m - 3*m - 3*x = -15, 2*m - 4 = x. Suppose -5*j - 9 = -m*k + 20, -4 = 4*j. Let q(z) = -z**3 + 1 + 7*z**2 - k*z + 2*z**2 + 0*z. Calculate q(8).
1
Let s(t) = -t - 16. Let l be s(-19). Let k(f) = -2*f + 41 - 23 - 2*f + l*f. What is k(10)?
8
Suppose -4*r + 2*b = 20, -r - 11 = -5*b + 3. Let l(c) = -c + 13. What is l(r)?
17
Suppose -2*p - 7*n = -5*n + 84, -4*n + 112 = -3*p. Let f = -37 - p. Let h(c) be the third derivative of -c**5/60 + c**4/8 - c**3/3 - c**2. Give h(f).
-2
Let p(l) = -4*l**3 - 6*l**2 + 3*l - 12. Let b(f) = 3*f**3 + 4*f**2 - 2*f + 11. Let i = 360 - 362. Let t(n) = i*p(n) - 3*b(n). What is t(0)?
-9
Let h(z) be the second derivative of -4*z**2 + 1/20*z**5 - 6*z + 0 + 7/6*z**3 - 7/12*z**4. Determine h(6).
-2
Let i be -1 + (-6)/(-5) + 275/(-125). Suppose -7*p - 2 = -8*p. Let v(k) = k**p + 319*k**3 - 635*k**3 + 317*k**3 + 3 + 2*k. Determine v(i).
-5
Let d(y) = -40*y**3 + 45*y**2 - 26*y**2 - 2*y**3 + 26*y - 126 + 41*y**3. Calculate d(20).
-6
Let t(b) = -4*b - 28. Let y = 3642 - 3652. Determine t(y).
12
Let p(i) be the first derivative of -i**2 - 28*i + 15554. Calculate p(-4).
-20
Let g(v) = 36*v**2 + 9*v + 96*v**2 - 163 + 104*v**2 - 235*v**2. What is g(-18)?
-1
Let n(d) = -24 + d**3 + d - 25*d**2 - 9*d + 7*d - 11*d - 13*d. Determine n(26).
2
Suppose -4*j + 43 = -3*p, 45*p + 36 = 4*j + 49*p. Let s(w) = -16*w + 136. Determine s(j).
-24
Let t be (-45)/(-12) + -4 + (-111)/(-12). Let r(x) = -9 + x + 9 + 0*x + t. What is r(-3)?
6
Let v(h) = -12*h**2 + 10*h + 63. Let z(r) = 17*r**2 - 14*r - 94. Let o(y) = 7*v(y) + 5*z(y). Give o(5).
-4
Let n(h) = -9*h + 9. Suppose 4*y - 6 + 34 = 0. Let v(s) be the second derivative of -5*s**3/6 + 2*s**2 - 261*s. Let m(q) = y*v(q) + 3*n(q). Give m(-1).
-9
Let j(w) be the second derivative of w**3/6 + 2*w**2 - 6261*w + 1. Let i = 7 - 14. Calculate j(i).
-3
Let a(c) = -c**2 - 2*c - 1. Let b(s) = s + 22. Let g be b(6). Let o = g - 25. Suppose -o*z = x + 17 - 4, x - 5*z = 11. Calculate a(x).
-9
Let i(n) = n + 3 + 0*n + 0*n**3 - n**3. Let w be ((-459)/(-2142))/((-2)/(-28)). What is i(w)?
-21
Let f(r) = -9*r**3 - 2*r**2 + r + 5. Let y(v) = -4*v + 10*v**3 + 1 + 2*v**2 + 9*v - 5 - 6*v. Let z(k) = -4*f(k) - 5*y(k). Determine z(1).
-15
Let i(a) = a**2 + a. Let c(h) = -11*h**2 - 33*h - 2. Let x(y) = 5*y**2 + 16*y + 1. Let k(b) = 2*c(b) + 5*x(b). Let j(w) = -4*i(w) + k(w). Determine j(10).
1
Let v(a) = -a**3 + 13*a**2 - 11*a - 8. Suppose -147*r + 457 = -1307. What is v(r)?
4
Let w = -3 - -38. Suppose 0 = -4*b + 4*v + 4, 2*b = -3*b - 5*v + w. Let s(a) = -b - 5*a + 6*a - 2*a + 0*a. Determine s(-5).
1
Let m(v) = -v - 31. Let d be m(-29). Let f(p) = -p**2 + 5*p - 2. Let j(b) = -b**2 - 1. Let q(s) = d*j(s) - f(s). Give q(2).
6
Let p(n) = 10*n**2 - n. Suppose 10*s - 6*s = -8. Let y be 3 + 0 + (s - 1). Suppose 8*q - 6*q - 2 = y. What is p(q)?
9
Let c be (18/21)/(3/21). Let n(v) = 3*v**2 - 18*v + 3. Let d be n(c). Let k(h) = 5 + 299*h - 300*h + d. What is k(5)?
3
Let d(f) = -8*f + 5. Let p(a) = -3*a. Let n(y) = -d(y) + 2*p(y). Suppose -5 = -50*b + 51*b. Give n(b).
-15
Let s(h) = -74*h + 35*h + 22*h + 31*h + 1. Let j = -6 - -7. Calculate s(j).
15
Let p(q) = 215*q + 6. Let m be p(1). Let j = 223 - m. Let o(i) be the third derivative of -3*i**4/8 + i**3/3 + i**2. What is o(j)?
-16
Let c(m) be the second derivative of -m**5/20 - 3*m**4/4 + 7*m**3/6 - 9*m**2 + 4813*m. Give c(-10).
12
Let p(l) = -2*l - 9. Let w be p(-6). Let a(q) = -3*q + 17. Let d be a(w). Let x(v) = -v**2 + 9*v - 11. Give x(d).
-3
Suppose n = 3*s + 12, -4*s - n = 15 + 8. Let u(m) be the second derivative of -m**3/6 - 11*m**2/2 - 17*m + 2. What is u(s)?
-6
Suppose -6*j + 0 = -120. Suppose -j = 5*t - t. Let d(n) = -5*n**2 - 4*n + 3. Let x(g) = 14*g**2 + 11*g - 8. Let a(s) = -17*d(s) - 6*x(s). Determine a(t).
12
Let i(j) be the second derivative of 1/2*j**2 - 1/2*j**4 - 1/3*j**3 + 33*j + 0. Determine i(1).
-7
Let v(b) = -3*b - 5. Let s(u) = -9*u - 68. Let c be s(-7). Let d(o) = 2*o + 5. Let a(h) = c*v(h) - 6*d(h). Give a(-10).
-35
Let r(v) = v**3 - 6*v**2 - 2*v + 13. Let l be (147/(-42))/(((-5)/(-10))/(-1)). What is r(l)?
48
Let n(c) = -c**3 + c - 44. Suppose 101*o = 225*o - 103*o. Calculate n(o).
-44
Let a(s) = 2*s**3 - 28*s**2 - 3*s + 54. Suppose 126*o + 679 - 2443 = 0. What is a(o)?
12
Let p(z) = -11*z**2 - 10*z + 3. Let u(o) = 14*o**2 + 10*o - 4. Let m(b) = 51*b - 310. Let y be m(6). Let x(l) = y*u(l) - 5*p(l). What is x(7)?
22
Let j(f) = 2*f - 61*f**3 + 15 + 18*f**2 - 5*f + 21*f + 60*f**3. Determine j(19).
-4
Let j(x) = -x**2 + 2*x + 4. Let n be 168/56 + (-7)/(-1). Let q(c) = 23*c - 228. Let z be q(n). Determine j(z).
4
Let j(n) = -n - 4. Let w be j(-2). Let i(f) be the third derivative of 0*f - 123*f**2 - 1/6*f**3 - 1/60*f**5 - 1/8*f**4 + 0. Give i(w).
1
Let j be -3 + (-36 - -12) - 4/8*2. Let c(i) = -2*i - 5. Give c(j).
51
Let f(b) = -27*b**3 - 62*b**2 - 59*b - 78. Let a(u) = 11*u**3 + 30*u**